{"id":4,"date":"2013-03-06T13:49:28","date_gmt":"2013-03-06T11:49:28","guid":{"rendered":"http:\/\/www.ervastinkyla.fi\/?page_id=4"},"modified":"2025-06-05T11:26:57","modified_gmt":"2025-06-05T08:26:57","slug":"toiminta","status":"publish","type":"page","link":"https:\/\/www.warjakkalaiset.fi\/?page_id=4","title":{"rendered":"Toiminta"},"content":{"rendered":"<div class=\"wp-block-image\">\n<figure class=\"alignleft\"><a href=\"https:\/\/www.warjakkalaiset.fi\/wp-content\/uploads\/2022\/01\/Warjakan-kylaesittely-kansi.jpg\"><img loading=\"lazy\" width=\"300\" height=\"173\" src=\"https:\/\/www.warjakkalaiset.fi\/wp-content\/uploads\/2022\/01\/Warjakan-kylaesittely-kansi-300x173.jpg\" alt=\"\" class=\"wp-image-1500\" srcset=\"https:\/\/www.warjakkalaiset.fi\/wp-content\/uploads\/2022\/01\/Warjakan-kylaesittely-kansi-300x173.jpg 300w, https:\/\/www.warjakkalaiset.fi\/wp-content\/uploads\/2022\/01\/Warjakan-kylaesittely-kansi-1024x591.jpg 1024w, https:\/\/www.warjakkalaiset.fi\/wp-content\/uploads\/2022\/01\/Warjakan-kylaesittely-kansi-768x443.jpg 768w, https:\/\/www.warjakkalaiset.fi\/wp-content\/uploads\/2022\/01\/Warjakan-kylaesittely-kansi.jpg 1373w\" sizes=\"(max-width: 300px) 100vw, 300px\" \/><\/a><\/figure><\/div>\n\n\n<p class=\"has-text-align-center\"><\/p>\n\n\n\n<p>&nbsp;<\/p>\n\n\n\n<p><strong><a href=\"https:\/\/www.warjakkalaiset.fi\/wp-content\/uploads\/2022\/01\/Kylaesittely-Warjakka.pdf\">T\u00e4st\u00e4 linkist\u00e4<\/a> <\/strong>voit ladata Warjakan kyl\u00e4\u00e4 esittelev\u00e4n kalvosetin.<\/p>\n\n\n\n<p>&nbsp;<\/p>\n\n\n\n<p>&nbsp;&nbsp; <\/p>\n\n\n\n<p class=\"has-text-align-center\"><strong>YHDISTYKSEN ESITTELY<\/strong><\/p>\n\n\n\n<p><strong>Warjakkalaiset ry<\/strong> (ent. Ervastinkyl\u00e4n kyl\u00e4yhdistys ry) on yleishy\u00f6dyllinen yhdistys, joka on perustettu vuoden 2005 alussa.<\/p>\n\n\n\n<p>Sen p\u00e4\u00e4toiminta-alue k\u00e4sitt\u00e4\u00e4 Oulunsalon haja-asutusalueella Niemenv\u00e4lin ja Riutunkarin kalasataman v\u00e4lisen alueen. T\u00e4ll\u00e4 alueella on yhteens\u00e4 noin <strong>400 taloutta<\/strong>. Lis\u00e4ksi alueella on l\u00e4hes saman verran vapaa-ajan kiinteist\u00f6j\u00e4.<\/p>\n\n\n\n<p>Kyl\u00e4yhdistyksen <strong>tarkoituksena<\/strong> on edist\u00e4\u00e4 toiminta-alueensa ja sen ymp\u00e4rist\u00f6n asukkaiden yhteisty\u00f6t\u00e4, omatoimisuutta, kyl\u00e4alueen elinkelpoisuutta sek\u00e4 toimia sen asukkaiden yleisten ja yhteisten etujen valvojana. Yhdistys pyrkii my\u00f6s edist\u00e4m\u00e4\u00e4n asukkaiden toimeentulomahdollisuuksia, vakinaisten ja vapaa-ajan asukkaiden viihtyvyytt\u00e4, harrastus- ja kulttuuritoimintaa ja yhteisty\u00f6t\u00e4 sek\u00e4 palveluiden s\u00e4ilymist\u00e4 alueella.<\/p>\n\n\n\n<p>Yhdistys on <strong>poliittisesti t\u00e4ysin sitoutumaton<\/strong>.<\/p>\n\n\n\n<p>Yhdistyksen hallitukseen kuuluu 8-10 j\u00e4sent\u00e4. Hallitus kokoontuu 6-8 kertaa vuodessa tarpeen mukaan.<\/p>\n\n\n\n<p><strong>Toiminnassaan<\/strong> yhdistys seuraa ja ottaa kantaa aluettaan koskeviin suunnitelmiin ja p\u00e4\u00e4t\u00f6ksiin ja tiedottaa toimenpiteist\u00e4 j\u00e4senilleen. (esim. kaavoitus, julkinen liikenne, koulutus ja koulut, tiest\u00f6n yll\u00e4pito, viem\u00e4r\u00f6inti, j\u00e4teker\u00e4ily, hyvinvointipalvelut, kulttuuripalvelut ym.)<\/p>\n\n\n\n<p>Yhdistys j\u00e4rjest\u00e4\u00e4 vuoden mittaan erilaisia tapahtumia, joihin ovat tervetulleita kaikki asukkaat j\u00e4senyydest\u00e4 riippumatta. (mm. kes\u00e4tapahtuma, lauluillat, retket l\u00e4hialueelle, Puurojuhla, lasten kerhotoiminta, seniorien kuntosalitoiminta ym.)<\/p>\n\n\n\n<p>Yhdistys jakaa kev\u00e4isin stipendej\u00e4 koulunsa p\u00e4\u00e4tt\u00e4ville, hyvin menestyneille, paikallisille opiskelijoille ja avustaa s\u00e4\u00e4nn\u00f6llisesti paikallisen alakoulun harrastehankintoja.<\/p>\n\n\n\n<p>Yhdistys on mukana suuralueensa yhteisty\u00f6ryhm\u00e4ss\u00e4, Varjakkaprojektissa, Koti- ja koulutoiminnassa ym.<\/p>\n\n\n\n<p>Yhdistys rahoittaa toimintansa aikuisj\u00e4sentens\u00e4 j\u00e4senmaksuilla, arpajaisilla ja vuosittain yhdistys ker\u00e4\u00e4 toiminta-alueeltaan suuret m\u00e4\u00e4r\u00e4t metalliromua jatkojalostettavaksi ja rahoittaa sill\u00e4 osan toimintaansa.<\/p>\n\n\n\n<p>Yhdistyksen<strong>&nbsp;j\u00e4senmaksu<\/strong> on vuodessa 10 \u20ac\/aikuisj\u00e4sen. Maksu suoritetaan Warjakkalaiset ry:n tilille <strong>FI06 5740 2720 0501 78<\/strong>. K\u00e4yt\u00e4 maksaessasi viitenumeroa <strong>904724<\/strong>.<\/p>\n\n\n\n<p>    <\/p>\n\n\n\n<h2>Kyl\u00e4toiminnan ansiomerkit:<\/h2>\n\n\n\n<p>Kyl\u00e4yhdistys my\u00f6nt\u00e4\u00e4 vuosittain yhdess\u00e4 Pohjois-Pohjanmaan kylien kanssa kyl\u00e4toiminnassa ansioituneelle henkil\u00f6lle ansiomerkin. Ansiomerkin ovat saaneet:<\/p>\n\n\n\n<ul><li>2021: Jouni Niemisalo, hopeinen ansiomerkki<\/li><li>2022: Tapio Moilanen, hopeinen ansiomerkki<\/li><li>2023: Mirja Vahera, hopeinen ansiomerkki<\/li><li>2024: Kristiina Valtanen, hopeinen ansiomerkki<\/li><\/ul>\n\n\n\n<div class=\"wp-container-2 wp-block-columns\">\n<div class=\"wp-container-1 wp-block-column\" style=\"flex-basis:100%\"><div class=\"wp-block-image\">\n<figure class=\"alignleft size-medium\"><a href=\"https:\/\/www.warjakkalaiset.fi\/wp-content\/uploads\/2022\/08\/ansiomerkit.jpg\"><img loading=\"lazy\" width=\"225\" height=\"300\" src=\"https:\/\/www.warjakkalaiset.fi\/wp-content\/uploads\/2022\/08\/ansiomerkit-225x300.jpg\" alt=\"\" class=\"wp-image-1713\" srcset=\"https:\/\/www.warjakkalaiset.fi\/wp-content\/uploads\/2022\/08\/ansiomerkit-225x300.jpg 225w, https:\/\/www.warjakkalaiset.fi\/wp-content\/uploads\/2022\/08\/ansiomerkit-768x1024.jpg 768w, https:\/\/www.warjakkalaiset.fi\/wp-content\/uploads\/2022\/08\/ansiomerkit-1152x1536.jpg 1152w, https:\/\/www.warjakkalaiset.fi\/wp-content\/uploads\/2022\/08\/ansiomerkit-1536x2048.jpg 1536w, https:\/\/www.warjakkalaiset.fi\/wp-content\/uploads\/2022\/08\/ansiomerkit-1320x1760.jpg 1320w, https:\/\/www.warjakkalaiset.fi\/wp-content\/uploads\/2022\/08\/ansiomerkit.jpg 1920w\" sizes=\"(max-width: 225px) 100vw, 225px\" \/><\/a><\/figure><\/div><\/div>\n<\/div>\n","protected":false},"excerpt":{"rendered":"<p>&nbsp; T\u00e4st\u00e4 linkist\u00e4 voit ladata Warjakan kyl\u00e4\u00e4 esittelev\u00e4n kalvosetin. &nbsp; &nbsp;&nbsp; YHDISTYKSEN ESITTELY Warjakkalaiset ry (ent. Ervastinkyl\u00e4n kyl\u00e4yhdistys ry) on yleishy\u00f6dyllinen yhdistys, joka on perustettu vuoden 2005 alussa. Sen p\u00e4\u00e4toiminta-alue k\u00e4sitt\u00e4\u00e4 Oulunsalon haja-asutusalueella Niemenv\u00e4lin ja Riutunkarin kalasataman v\u00e4lisen alueen. T\u00e4ll\u00e4 &hellip; <a href=\"https:\/\/www.warjakkalaiset.fi\/?page_id=4\">Lue loppuun <span class=\"meta-nav\">&rarr;<\/span><\/a><\/p>\n","protected":false},"author":2,"featured_media":559,"parent":0,"menu_order":0,"comment_status":"closed","ping_status":"closed","template":"","meta":[],"_links":{"self":[{"href":"https:\/\/www.warjakkalaiset.fi\/index.php?rest_route=\/wp\/v2\/pages\/4"}],"collection":[{"href":"https:\/\/www.warjakkalaiset.fi\/index.php?rest_route=\/wp\/v2\/pages"}],"about":[{"href":"https:\/\/www.warjakkalaiset.fi\/index.php?rest_route=\/wp\/v2\/types\/page"}],"author":[{"embeddable":true,"href":"https:\/\/www.warjakkalaiset.fi\/index.php?rest_route=\/wp\/v2\/users\/2"}],"replies":[{"embeddable":true,"href":"https:\/\/www.warjakkalaiset.fi\/index.php?rest_route=%2Fwp%2Fv2%2Fcomments&post=4"}],"version-history":[{"count":40,"href":"https:\/\/www.warjakkalaiset.fi\/index.php?rest_route=\/wp\/v2\/pages\/4\/revisions"}],"predecessor-version":[{"id":2591,"href":"https:\/\/www.warjakkalaiset.fi\/index.php?rest_route=\/wp\/v2\/pages\/4\/revisions\/2591"}],"wp:featuredmedia":[{"embeddable":true,"href":"https:\/\/www.warjakkalaiset.fi\/index.php?rest_route=\/wp\/v2\/media\/559"}],"wp:attachment":[{"href":"https:\/\/www.warjakkalaiset.fi\/index.php?rest_route=%2Fwp%2Fv2%2Fmedia&parent=4"}],"curies":[{"name":"wp","href":"https:\/\/api.w.org\/{rel}","templated":true}]}}